172.
86
What is the highest common divisor of 469920 and 16192?
352
What is the highest common factor of 13483168 and 24?
8
What is the greatest common factor of 107800 and 51499?
49
What is the greatest common divisor of 10776 and 48576?
24
What is the greatest common divisor of 26792804 and 8866?
62
Calculate the greatest common factor of 19752263 and 1941.
647
What is the greatest common factor of 1039893 and 80571?
753
Calculate the greatest common factor of 424096 and 353718.
914
What is the highest common divisor of 3024 and 2604420?
756
Calculate the highest common divisor of 116412 and 2848.
356
Calculate the highest common factor of 22561607 and 57.
19
Calculate the greatest common factor of 2497 and 297968826.
227
Calculate the highest common divisor of 295 and 19727653.
59
Calculate the highest common factor of 5241616 and 132800.
1328
What is the highest common factor of 628694 and 7225?
17
What is the highest common divisor of 1589640 and 1160?
40
Calculate the greatest common factor of 18386556 and 10464.
1308
What is the greatest common divisor of 623048 and 20824?
152
Calculate the greatest common factor of 52401152 and 584.
584
What is the highest common factor of 27002964 and 60?
12
Calculate the highest common divisor of 389164 and 12.
4
What is the highest common divisor of 3111 and 427?
61
Calculate the highest common factor of 3250 and 433750.
250
What is the highest common divisor of 23630 and 13220560?
170
What is the highest common factor of 7976 and 585239?
997
What is the highest common divisor of 3027677 and 97061?
3131
What is the highest common divisor of 110391 and 99006483?
3561
What is the highest common factor of 2906 and 23536?
2
What is the greatest common factor of 980 and 32050508?
196
What is the highest common factor of 528555 and 61623?
501
Calculate the greatest common divisor of 283630 and 222386.
502
Calculate the highest common divisor of 6067704 and 24.
24
What is the greatest common divisor of 178048585 and 5720?
715
What is the highest common divisor of 6801 and 148966837?
2267
Calculate the greatest common factor of 98 and 1025234791.
49
What is the greatest common factor of 426063139 and 716?
179
What is the highest common divisor of 158904283 and 219?
73
Calculate the highest common divisor of 104 and 1743776.
8
What is the greatest common factor of 18 and 5699346?
6
What is the greatest common divisor of 260 and 12733344?
52
What is the highest common factor of 208199110 and 175?
35
Calculate the greatest common factor of 2108316 and 11571.
399
What is the greatest common factor of 242 and 19385762?
22
What is the greatest common factor of 70 and 146287785?
35
What is the highest common factor of 4607793 and 225138?
471
Calculate the greatest common divisor of 10511235 and 1152480.
5145
Calculate the highest common divisor of 237008 and 116.
4
Calculate the greatest common divisor of 48720 and 2102268.
2436
Calculate the highest common factor of 22660121 and 9273.
3091
What is the greatest common factor of 4558 and 17302082?
86
What is the greatest common divisor of 4450250 and 1610?
70
Calculate the highest common factor of 12245715 and 2970.
135
Calculate the greatest common factor of 1936 and 36504248.
968
What is the highest common factor of 602332 and 388?
4
What is the highest common divisor of 1430105 and 193505?
1145
Calculate the greatest common factor of 207 and 69870159.
207
Calculate the highest common factor of 400606 and 2146.
58
Calculate the greatest common divisor of 21464038 and 974.
974
Calculate the highest common divisor of 3715 and 11952641.
743
Calculate the highest common divisor of 238842 and 276.
6
What is the highest common divisor of 1712 and 34544?
16
Calculate the highest common factor of 14 and 42485604.
14
What is the highest common divisor of 36808 and 1671768?
856
What is the greatest common divisor of 1795138 and 47571?
157
Calculate the highest common factor of 2653255 and 284240.
1045
Calculate the highest common factor of 144058 and 247095.
323
Calculate the greatest common divisor of 101997 and 2394.
63
Calculate the greatest common divisor of 2337 and 2000800.
41
What is the greatest common factor of 1641610764 and 1908?
1908
Calculate the highest common divisor of 5763772 and 784.
196
Calculate the greatest common factor of 35743620 and 60.
60
Calculate the greatest common factor of 76940 and 1210.
10
Calculate the greatest common divisor of 15726000 and 225.
75
Calculate the greatest common divisor of 1728 and 602944.
64
What is the greatest common divisor of 979303 and 115375?
923
What is the greatest common factor of 594 and 55153197?
297
What is the greatest common divisor of 1706690489 and 5761?
5761
Calculate the greatest common divisor of 4791 and 1688362773.
4791
Calculate the highest common factor of 2078 and 178987491.
1039
What is the greatest common factor of 139995403 and 1?
1
What is the greatest common factor of 267449 and 1339?
13
What is the greatest common divisor of 6200 and 31912640?
1240
Calculate the greatest common divisor of 49610142 and 144.
18
What is the greatest common divisor of 366887 and 4274943?
2027
Calculate the greatest common factor of 12002100 and 29700.
3300
Calculate the highest common factor of 1302 and 1902408.
186
Calculate the highest common divisor of 684 and 2362392.
36
What is the highest common factor of 259641070 and 8965?
815
Calculate the greatest common divisor of 168 and 4904088.
168
What is the highest common divisor of 26533 and 500359?
157
Calculate the greatest common factor of 7041 and 396.
3
What is the highest common factor of 231 and 18787659?
33
Calculate the greatest common divisor of 329 and 432917188.
47
What is the greatest common factor of 2068 and 81410956?
2068
Calculate the greatest common factor of 913 and 89747568.
83
What is the highest common divisor of 6448680 and 5670?
1890
Calculate the greatest common divisor of 82203492 and 840.
84
What is the greatest common factor of 867 and 241944?
51
Calculate the highest common factor of 18065145 and 3780.
105
Calculate the highest common divisor of 17408 and 614400.
1024
What is the highest common divisor of 840655 and 1045?
95
What is the greatest common factor of 19738 and 11466926?
142
Calculate the highest common factor of 612 and 5478471.
153
What is the highest common factor of 370333 and 3?
1
Calculate the greatest common factor of 4 and 83958598.
2
What is the highest common divisor of 3367794 and 154632?
2274
Calculate the highest common factor of 2389816065 and 26.
13
Calculate the greatest common divisor of 64 and 149241856.
64
Calculate the greatest common factor of 11055258 and 11.
1
Calculate the highest common factor of 2195 and 2570154035.
2195
What is the greatest common factor of 10667354 and 12857?
989
What is the highest common factor of 640 and 103211440?
80
What is the greatest common divisor of 9063 and 78224767?
1007
Calculate the greatest common factor of 22859209 and 5721.
1907
Calculate the greatest common factor of 72468 and 28599912.
1188
What is the highest common factor of 1083277584 and 864?
432
Calculate the greatest common factor of 29555004 and 2448.
12
What is the greatest common factor of 104507456 and 1136?
1136
Calculate the highest common divisor of 535 and 8353383.
107
Calculate the highest common factor of 47937 and 63498.
57
What is the greatest common factor of 24 and 1599252?
12
What is the greatest common divisor of 720 and 5441160?
120
What is the highest common factor of 6741 and 4169041?
107
Calculate the highest common divisor of 225 and 3996.
9
Calculate the greatest common divisor of 467944 and 26738.
58
What is the highest common factor of 1072214001 and 1669?
1669
What is the greatest common divisor of 111294 and 14148?
54
Calculate the greatest common factor of 397755 and 18405.
45
Calculate the highest common factor of 2405307 and 23691.
447
What is the greatest common factor of 2578964 and 600588?
268
Calculate the greatest common divisor of 16893900 and 132300.
2700
Calculate the greatest common factor of 8684172 and 4376.
2188
Calculate the highest common factor of 56 and 208367656.
56
Calculate the highest common factor of 76738 and 3129904.
1258
What is the highest common